l(w) = w**2 - 10*w + 4. Calculate l(10).
4
Let z(c) = 4*c**3 + 5*c**2 - 2*c - 4. Calculate z(-2).
-12
Let x(n) = -2*n**3 - 11*n**2 - 2*n + 7. Calculate x(-5).
-8
Let g(z) = z**2 - 26*z + 29. Determine g(24).
-19
Let s(g) = g**3 + 7*g**2 + 5*g + 1. Determine s(-5).
26
Let l(a) = -3*a + 2. Give l(-2).
8
Let z(q) = q**2 - 23*q + 29. What is z(15)?
-91
Let j(h) = -4*h - 63. Determine j(-15).
-3
Let r(x) = x**3 + 4*x**2 - 4*x - 2. What is r(-5)?
-7
Let u(c) = 4*c**3 + 2*c**2 - 2. What is u(-1)?
-4
Let r(j) = -j**3 + 3*j**2 - 2*j - 7. What is r(4)?
-31
Let b(w) = -31*w**2 + 1. Calculate b(-1).
-30
Let u(h) = h**3 + 6*h**2 - 10. Determine u(-6).
-10
Let g(k) = -17*k - 6. What is g(-8)?
130
Let c(h) = h**2 + 5*h + 3. Give c(-5).
3
Let t(w) = -w**3 - 7*w**2 + 9*w - 5. Determine t(-9).
76
Let i(q) = -2*q**2 - 2*q + 28. Give i(0).
28
Let m(k) = k**3 - 7*k**2 + 5*k + 5. Give m(7).
40
Let u(i) = 10*i - 44. Calculate u(0).
-44
Let v(g) = g**3 - 15*g**2 + 2*g - 36. What is v(15)?
-6
Let r(b) = b**3 + 3*b**2 - 4*b - 1. Determine r(-4).
-1
Let q(v) = v**2 + 12*v + 17. Calculate q(-11).
6
Let s(a) = -a**2 + 4*a + 15. Calculate s(5).
10
Let h(u) = 3*u + 7. Calculate h(-4).
-5
Let k(g) = g**3 - 3*g**2 - 7*g + 1. Give k(4).
-11
Let v(f) = f**2 - 13*f - 146. Calculate v(20).
-6
Let p(o) = 2*o**3 - 4*o + 4. What is p(2)?
12
Let t(n) = 16*n + 1. Give t(-1).
-15
Let r(v) = v - 12. Give r(18).
6
Let u(q) = 2*q**2 + 3*q - 29. Determine u(0).
-29
Let i(r) = 23*r - 37. Give i(-5).
-152
Let z(i) = -i**3 - 13*i**2 - 40*i - 5. Calculate z(-8).
-5
Let h(i) = -2*i**2 + 31*i - 104. Determine h(11).
-5
Let y(a) = -4*a**2 - 7. Give y(3).
-43
Let x(g) = -g - 1. Give x(-1).
0
Let a(m) = 3*m - 1. Calculate a(-4).
-13
Let y(s) = -s**3 - 5*s**2 + 32*s - 44. Calculate y(-9).
-8
Let j(q) = -8*q + 1. Calculate j(2).
-15
Let p(b) = 9*b**2 + 2. Calculate p(-2).
38
Let f(t) = -4*t**2 + t - 9. Give f(-4).
-77
Let g(h) = -h**2 + 45*h + 91. Calculate g(47).
-3
Let o(k) = -k**2 + 11*k + 4. Give o(12).
-8
Let h(z) = z**3 + 3*z**2 - 5*z - 11. Give h(0).
-11
Let y(b) = -b**3 + 15*b**2 - 15*b + 21. Calculate y(14).
7
Let y(n) = -2*n**2 - 8*n - 5. What is y(-4)?
-5
Let u(x) = 5*x + 84. Determine u(-19).
-11
Let g(d) = d**2 + 28*d - 1108. Determine g(-50).
-8
Let q(c) = c + 4. Give q(-4).
0
Let o(r) = -r**2 + 2. Calculate o(4).
-14
Let j(m) = -114*m + 1373. What is j(12)?
5
Let i(y) = 23*y + 118. Determine i(-5).
3
Let f(w) = 3*w - 8. Determine f(5).
7
Let j(k) = -2*k - 5. Give j(0).
-5
Let b(i) = -3*i**2 + 18*i - 3. What is b(7)?
-24
Let k(j) = -j**3 + j + 3. Calculate k(0).
3
Let v(i) = -i**3 + 31*i**2 - 57*i - 33. Calculate v(29).
-4
Let i(j) = -j**3 + 6*j**2 + 6*j + 11. Calculate i(7).
4
Let x(a) = a**3 + 10*a**2 + 12*a + 4. Calculate x(-9).
-23
Let g(l) = 2*l + 78. Determine g(-33).
12
Let g(a) = -a - 3. Give g(1).
-4
Let y(l) = l**2 - 6*l - 14. Determine y(-2).
2
Let i(a) = -17*a**2 - 2*a - 2. Determine i(-1).
-17
Let l(n) = n**3 + 6*n**2 + 3*n - 4. Calculate l(-4).
16
Let f(v) = -v**2 + 7*v + 27. Determine f(10).
-3
Let t(o) = -13*o**3 - 2*o**2 + o + 3. Determine t(-1).
13
Let j(f) = 50*f + 303. Calculate j(-6).
3
Let h(m) = -m**3 - 7*m**2 - 2*m + 6. Calculate h(-6).
-18
Let j(x) = 105*x + 414. What is j(-4)?
-6
Let d(f) = -f**3 + 3*f**2 - 3*f + 3. Calculate d(3).
-6
Let k(i) = -2*i**2 - 41*i + 1. Determine k(-21).
-20
Let q(l) = -6*l - 10. Determine q(0).
-10
Let f(h) = -2*h**2 - 6*h - 9. Determine f(-5).
-29
Let k(y) = -2*y**2 + 2*y - 10. What is k(5)?
-50
Let m(u) = -u**3 - 10*u**2 + 2*u + 15. Determine m(-10).
-5
Let u(l) = 31*l - 4. Give u(2).
58
Let y(i) = -i**3 - 7*i**2 + 3*i + 5. Give y(-7).
-16
Let w(t) = 17*t - 14. What is w(2)?
20
Let m(l) = 2*l**2 + 6*l + 1. Determine m(-5).
21
Let u(d) = d**2 + 22*d + 23. Give u(-17).
-62
Let f(m) = m**3 + 12*m**2 - 15*m - 20. Give f(-13).
6
Let o(v) = 12*v**2 - 1. Calculate o(1).
11
Let o(l) = -l**2 + l + 39. Determine o(7).
-3
Let h(u) = -12*u + 279. What is h(22)?
15
Let w(s) = s**3 - 14*s**2 + 15*s - 15. Give w(13).
11
Let z(o) = 16*o**2 + 8*o - 18. Calculate z(3).
150
Let o(s) = s**3 - s**2 - s + 4. Give o(0).
4
Let y(n) = -n + 6. What is y(1)?
5
Let r(i) = -i - 54. What is r(-29)?
-25
Let x(k) = 6*k - 36. Give x(0).
-36
Let p(h) = -3*h**2 - 62*h - 225. Determine p(-16).
-1
Let q(g) = 2*g + 17. Determine q(-5).
7
Let f(l) = 6*l - 9. Determine f(2).
3
Let p(q) = -q**3 - 5*q**2 - 5*q - 9. Determine p(-4).
-5
Let z(p) = -12*p - 6. What is z(-4)?
42
Let r(h) = -2*h**3 + 2*h**2 - 5*h + 2. Calculate r(3).
-49
Let y(z) = 2*z + 2. Give y(-1).
0
Let j(h) = -6*h + 37. What is j(6)?
1
Let u(z) = 4*z + 36. Give u(-9).
0
Let y(c) = 4*c - 21. What is y(6)?
3
Let q(i) = 3*i. Give q(-10).
-30
Let n(d) = 2*d**3 - 45*d**2 + 27*d - 107. Calculate n(22).
3
Let r(y) = y**3 - 12*y**2 - 11*y - 13. Give r(13).
13
Let l(d) = 2*d**2 - 9*d + 1. Calculate l(9).
82
Let n(b) = b**3 - 9*b**2 - 3*b + 11. Calculate n(9).
-16
Let s(f) = f**3 + 3*f**2 - 5*f + 11. Calculate s(-5).
-14
Let q(c) = c**3 - 5*c**2 + c - 9. Calculate q(4).
-21
Let o(p) = -p**2 + 2. Determine o(2).
-2
Let r(u) = -u - 37. Determine r(-38).
1
Let h(s) = 2*s**3 + 28*s**2 - 5*s - 87. Determine h(-14).
-17
Let u(y) = -y**3 + 13*y**2 - 8*y - 12. What is u(12)?
36
Let f(l) = -l**3 + 24*l**2 - 24*l + 13. Give f(23).
-10
Let c(g) = -7*g**2 + 146*g + 20. Determine c(21).
-1
Let a(p) = p**3 + 6*p**2 + 9*p + 7. Calculate a(-3).
7
Let g(i) = 119*i + 476. Determine g(-4).
0
Let l(f) = -4*f**2 + 7*f + 3. Give l(-2).
-27
Let d(b) = -b**3 + b**2 + 3*b + 1. What is d(3)?
-8
Let m(t) = -41*t - 455. Calculate m(-11).
-4
Let o(m) = -64*m - 1095. Determine o(-17).
-7
Let i(g) = g**3 - 2*g**2 - 8*g - 22. Determine i(-3).
-43
Let w(k) = k**2 + 45*k + 85. Determine w(-43).
-1
Let i(x) = -x**3 - 15*x**2 + 3*x + 13. Calculate i(-15).
-32
Let w(m) = 2*m**3 - 8*m**2 + 5*m - 6. Determine w(3).
-9
Let k(i) = -2*i**3 + 10*i**2 + 4*i + 9. Determine k(4).
57
Let w(z) = -13*z + 52. Determine w(4).
0
Let b(t) = 2*t**2 + 7*t - 2. What is b(-5)?
13
Let w(z) = -z**3 + 23*z**2 - 42*z + 6. Give w(21).
6
Let t(p) = -2*p + 23. Calculate t(15).
-7
Let x(r) = -r**2 + 11*r + 60. Calculate x(-4).
0
Let d(x) = -2*x**3 - 5*x**2 - 5. Calculate d(-3).
4
Let j(v) = v**2 + 18*v + 88. Give j(-10).
8
Let o(b) = -5*b - 65. Give o(-12).
-5
Let w(i) = -4*i**2 + 11*i + 16. Calculate w(4).
-4
Let h(w) = -w**2 - 3*w + 30. Calculate h(-7).
2
Let q(b) = -2*b - 11. What is q(7)?
-25
Let h(d) = 10*d + 164. Calculate h(-15).
14
Let a(r) = r**2 - 3*r + 4. Give a(2).
2
Let t(v) = -v - 1. Give t(-6).
5
Let f(r) = r**3 - 8*r**2 + 13*r - 4. Calculate f(5).
-14
Let j(m) = -35*m + 2. What is j(2)?
-68
Let v(y) = y**2 - 2*y - 2. What is v(-2)?
6
Let j(r) = -2*r**3 + 10*r**2 + 13*r + 8. Calculate j(6).
14
Let f(v) = 2*v + 3. Give f(-1).
1
Let i(c) = c**3 + 6*c**2 - 10*c - 42. Calculate i(-7).
-21
Let k(b) = -5*b - 22. Determine k(-9).
23
Let b(w) = -2*w**2 - 37*w - 18. Calculate b(-18).
0
Let s(q) = 18*q**2 + 3*q + 3. Determine s(2).
81
Let m(v) = -v + 2. Give m(-4).
6
Let u(n) = n**3 + 7*n**2 - 5*n + 11. Give u(-8).
-13
Let q(i) = 7*i - 23. Determine q(-2).
-37
Let u(t) = t**3 - 16*t**2 - 5*t + 83. Determine u(16).
3
Let l(q) = q**3 - 9*q**2 + 2*q - 15. Determine l(9).
3
Let b(k) = k**3 - 15*k**2 - 15*k - 13. Calculate b(16).
3
Let p(y) = 3*y + 10. Calculate p(-10).
-20
Let z(o) = o**2 + 2*o - 2. What is z(-6)?
22
Let u(x) = -8*x + 38. What is u(13)?
-66
Let m(d) = d**3 + 9*d**2 - d - 69. Give m(-8).
3
Let o(x) = 103*x**3 - x - 1. What is o(-1)?
-103
Let n(a) = -21*a**2. Determine n(-1).
-21
Let r(l) = 2*l + 11. What is r(-3)?
5
Let i(b) = b**3 - 9*b**2 + 3*b - 15. Give i(7).
-92
Let x(r) = -2*r**3 + 13*r**2 + 10*r - 10. Determine x(7).
11
Let k(j) = -2*j**3 - j**2 - 3*j + 1. Give k(-2).
19
Let d(z) = -2*z**2 + 5*z + 34. Calculate d(9).
-83
Let q(o) = -2*o**2 + 2*o - 1. Calculate q(1).
-1
Let c(s) = s**2 + 4. Determine c(-3).
13
Let w(g) = -g**3 - 29*g**2 + 2*g + 61. What is w(-29)?
3
Let u(z) = -z**2 - 7*z + 5. Determine u(-6).
11
Let y(u) = -u**3 + 5*u**2 - 2*u + 8. Determine y(6).
-40
Let o(g) = g**3 + 15*g**2 + 3*g + 11. What is o(-15)?
-34
Let k(j) = -j**3 - 5*j**2 + 7*j + 6. Give k(2).
-8
Let t(b) = 3*b**3 - 3*b**2 + 3*b - 5. What is t(2)?
13
Let a(w) = -w**3 + 2